 the units digit of t?
7
Suppose 5*n - 1 = 14. Suppose -6*w + n*w = -51. What is the tens digit of w?
1
Suppose -4*v = 4*x - 2*x - 86, 0 = -4*v - 8. What is the tens digit of x?
4
Let o = -105 - -159. What is the tens digit of o?
5
Suppose 0 = -5*j + 25, -5*k + 3*j = 5*j - 25. Let v(w) = 0*w**3 - w**2 + k*w**2 - w + 5*w**3. What is the units digit of v(1)?
6
Suppose -4*v = -27 - 21. Suppose 0 = -2*y - v + 68. What is the tens digit of y?
2
Let p(n) = n**2 + 2*n - 2. Suppose w + 0*w + 3 = 0. What is the units digit of p(w)?
1
Let s(n) = -4*n**2 + 3*n - 1. Let a(q) = q**2 - q + 1. Let f(d) = a(d) - s(d). What is the units digit of f(2)?
4
Suppose 0 = -0*k + 3*k - 3. Let s be (2 - (4 - k))*-1. What is the units digit of -2*s*4*-1?
8
Let y(k) = k**2 - 3*k - 3. Let c be y(6). Suppose -5*m - c = -155. Let d = 41 - m. What is the units digit of d?
3
Suppose -3*n = -b + 10, 1 = 2*b + 3*n - 1. Suppose -2*h - y = 4*y - 5, -b*y - 52 = -4*h. What is the units digit of h?
0
Let f(i) = 2*i**3 - 2*i**2 - i - 2. Let b be f(2). Suppose j + b = 2*j. What is the units digit of j?
4
Suppose -12*u + 112 = -824. What is the tens digit of u?
7
Let x(y) = -35*y + 1. What is the tens digit of x(-3)?
0
Suppose -4*z + 59 + 33 = 0. What is the tens digit of z?
2
Let m(a) = -5*a + 9. What is the units digit of m(-14)?
9
Let k be (-2)/(1 - 3)*9. Let n = 6 + k. What is the units digit of n?
5
Let x(n) = n**3 - 9*n**2 - 8*n - 11. What is the units digit of x(10)?
9
Suppose -5*a - 3*i + 391 = 163, -i = a - 46. What is the units digit of a?
5
Suppose -3*x - 31 = -5*z, 0*z + z + 3*x = 17. What is the units digit of z?
8
Let m = 205 + -80. What is the hundreds digit of m?
1
Suppose -2*o - 2*o = 0. Let r = o + 0. Suppose -2*p = -r - 4. What is the units digit of p?
2
Let m(c) = -3*c**2 + 3. Let u(h) = 16*h**2 + h - 16. Let j(i) = -11*m(i) - 2*u(i). Let v be j(3). Suppose -v*a - 3*a + 50 = 0. What is the units digit of a?
0
Let x = 7 - 4. Let z = -22 + 22. Let p = z + x. What is the units digit of p?
3
Suppose -2*q - 50 = 494. What is the tens digit of (-18)/(-4)*q/(-51)?
2
Let p = -3 + 10. Suppose -2*x - 15 = -p*x. What is the units digit of x?
3
Let f(x) = -x + 6. Let g be f(6). Suppose -3*v = 3*w - 51, g = 3*v - 2*w - 7 - 24. Let k = v + -8. What is the units digit of k?
5
Suppose -4*f + 0*f + 2*v + 34 = 0, 5*f = 5*v + 45. Let s = f - 4. What is the units digit of -10*(-2)/s - 1?
4
Let c(y) = y**3 + 6*y**2 + 5*y + 1. What is the units digit of c(-4)?
3
Let t(j) be the first derivative of j**4/4 - 2*j**3 + 2*j**2 - 9*j + 1. What is the tens digit of t(6)?
1
Suppose g + 0*g + j = 1, -5*j - 19 = -g. Suppose 7*h - 3*h = g*b + 76, h = 2*b + 22. What is the units digit of h?
6
Let h = 2 - -1. Suppose h*r + r = -8. Let t = 1 - r. What is the units digit of t?
3
Let o = -7 - -10. Suppose -3*k - 2*q + 4*q = -29, -3*q = o. What is the units digit of k?
9
Suppose 46 = 3*u - 8. Let y = -11 + u. What is the units digit of 2/y + (-94)/(-14)?
7
What is the tens digit of ((-156)/(-16))/(9/48)?
5
Let t(x) = -x**3 - 18*x**2 - 21*x + 20. What is the tens digit of t(-17)?
8
Let a = 109 - -6. What is the tens digit of a?
1
Let j be 5*(-2 - (-26)/10). Suppose 0 = -5*l - 5*y + 62 - 2, -2*l + j*y - 1 = 0. Suppose 7 + l = t. What is the units digit of t?
4
Let l be 3 + 3*4/12. Suppose 0 = -3*c + 15, 2*v = -v - l*c + 65. What is the tens digit of v?
1
Let y(j) be the second derivative of j + 0 - 3*j**2 - 1/12*j**4 - 4/3*j**3. What is the units digit of y(-7)?
1
Let m be -10 + (3 - (1 + 0)). Let c = 6 - m. What is the units digit of c?
4
Suppose -3*a + r = -1 - 8, 0 = -2*r. Suppose q - 4*q + 36 = -a*g, -3*g + 20 = 4*q. Let m = q + -1. What is the units digit of m?
7
Let w be 262/11 - (-10)/55. Suppose -w = -2*t - 2*t + 4*p, 0 = -3*t - p + 34. What is the units digit of t?
0
Let o(h) = 6*h - 8. Let d be o(6). Let x = d + -16. What is the units digit of x?
2
Let z(a) = -4*a**3 - 9*a**2 - 3*a - 11. Let t(r) = 5*r**3 + 10*r**2 + 3*r + 12. Let o(d) = -3*t(d) - 4*z(d). What is the units digit of o(-4)?
8
Let j be 312/(-54) - (-2)/(-9). Let r = j - -13. What is the units digit of (-1 + 0)*-1*r?
7
Let j(w) = w**3 + 6*w**2 + 3. Let v be (-6)/5*(-15)/(-6). What is the tens digit of j(v)?
3
Let s = 0 - -2. Suppose s*z - 3*c + 2*c - 18 = 0, 18 = 2*z + 5*c. Let d = -1 + z. What is the units digit of d?
8
Suppose z - 86 = 27. What is the tens digit of z?
1
Suppose j - 12 = 3*j. Let l = j - -15. What is the units digit of l?
9
Let l(g) = -g**2 + 5*g + 7. Let w be l(6). Let n(c) = 10*c**3 - c**2 + 1. What is the tens digit of n(w)?
1
Suppose 4*y + 2*g - 90 = 58, 8 = 2*g. What is the tens digit of y?
3
Let l be ((-8)/10)/((-6)/15). Let p = l - -8. What is the units digit of p?
0
Let t(a) = -2*a**3 - 2*a**2 + a - 2. Let y be t(-2). Suppose -s + 13 = -0*s. Suppose s = y*x + 3*d, 3*d + 2*d = -4*x + 11. What is the units digit of x?
4
Let i = 27 + 11. What is the units digit of i?
8
Suppose 3*d = -2*d + 150. What is the units digit of d?
0
Let c(b) = -b**2 - 9*b - 7. Let f be c(-9). Let x(a) = -a**3 - 8*a**2 - 8*a - 2. What is the units digit of x(f)?
5
Suppose 5*s = 186 + 299. What is the tens digit of s?
9
Let u be 1 - 4 - (1 + -3). What is the units digit of u/(1*3/(-12))?
4
Suppose -302 = -6*f + 46. What is the units digit of f?
8
Suppose 3*k - 79 = -4. What is the tens digit of k?
2
Let w be -1 + (-4)/(4/27). Let j be w/(-3)*(-3)/2. Let b = j + 27. What is the units digit of b?
3
Let i(k) = -k**3 - 11*k**2 - 9*k - 2. What is the tens digit of i(-11)?
9
Suppose -4*u = -8*u + 4. Suppose 5*c + 2 = 3*t, -3*c = 2*t - 6*t - u. Let x = t + 2. What is the units digit of x?
1
Let f = -15 - -19. Suppose 0*b + b - f*q = 11, 3*q - 108 = -3*b. What is the tens digit of b?
3
Let l(o) = 4*o**3 + 3*o**2 - o. Let s be l(2). Let c be 6/4*s/3. Suppose 3*v = 3, -3*f + 16 = 4*v - c. What is the tens digit of f?
1
Let l = 234 - 108. Let d = l + -85. What is the tens digit of d?
4
Suppose -h + 6 = 2*u, -u - 2 = -1. What is the units digit of h?
8
Suppose 3*x + 18 = 2*r, 0*x = 4*x + 16. Suppose -5*a = -157 - r. What is the tens digit of a?
3
Let t(m) = 1. Let w(g) = 2*g - 9. Let j(f) = 3*t(f) + w(f). Let z(a) = -a + 12. Let i be z(5). What is the units digit of j(i)?
8
Suppose 4*i - 3*i + p = -19, -15 = -5*p. Let n = -11 - i. What is the units digit of n?
1
Suppose 16*q + 258 = 19*q. What is the tens digit of q?
8
Let n(z) = z + 2. Let l be n(6). Let s = 10 - l. What is the units digit of s?
2
Let v(h) = -h**3 + 9*h**2 + 4*h - 13. What is the units digit of v(9)?
3
Suppose -2*y + 36 = -4*r, -5*r + 2*r - 3 = 0. What is the units digit of y?
6
Let q(x) = -3 + 40*x**2 - 36*x**3 - 40*x**2 + 2*x + 4. What is the tens digit of q(-1)?
3
Let r = -22 + 25. What is the units digit of r?
3
Let s(w) = -w**3 + 9*w**2 - 5*w - 7. Let v be s(8). Suppose -5 + v = 4*j. What is the units digit of j?
3
Let d(n) = -n - 3. Let a(x) = -2*x - 10. Let b(p) = 4*a(p) - 14*d(p). What is the units digit of b(5)?
2
Let b be (1*-4)/(-3 - -1). Let r(f) = f**2 - 3*f + 3. Let l be r(b). Let n = 6 + l. What is the units digit of n?
7
Let m(a) = a - 7*a**2 - a**2 + 12 - a**2 + a**3. Suppose 4*u + u - 45 = 0. What is the tens digit of m(u)?
2
Suppose 2*v - 15 = -3. Suppose 4*t - 6 = v*t, -4*t - 32 = -4*b. Suppose b*a + 5 + 6 = 3*f, -3*a - 1 = -f. What is the units digit of f?
7
Suppose 0 = -0*z + 2*z - 10. Suppose -2*q = -q - 4. Suppose -z = -q*u + 19. What is the units digit of u?
6
Let j be (-2 - -1) + 6/3. Let w(f) = -f**2 - 1. Let z(l) = 3*l**2 + 2. Let s(b) = 9*w(b) + 4*z(b). What is the units digit of s(j)?
2
What is the tens digit of 111 - -2 - (-12)/4?
1
Let m = -2 - -2. Suppose 0*v - 5*t = -4*v + 14, -3*v - 4*t - 5 = m. What is the units digit of v?
1
Let d(m) = 11*m - 1. Let h be d(1). What is the units digit of (12/h)/(4/10)?
3
Let x be (-2)/(1 + 1) + -9. Let w = -7 - x. What is the units digit of w?
3
Let c be (-37)/(-7) + (-4)/14. Suppose -c*m + 10 = -2*v, -4*m + 2*m - 2*v = -4. What is the units digit of m?
2
Suppose -q + z + 3*z = -108, -2*q = -3*z - 196. What is the units digit of q?
2
Let q = -52 - -64. What is the units digit of q?
2
Let t = 390 + -163. What is the tens digit of t?
2
Suppose 12 = 2*k - 2*q + 4*q, -q = 3*k - 16. Suppose -2*r + 35 = k*f + 3, 